NOAA Reports
 [Select Refresh to Update]
Data updated every 15 minutes






                  YEARLY CLIMATOLOGICAL SUMMARY FOR 2020
                                        HEAT  COOL        
     MEAN                               DEG   DEG       WIND SPEED       DOM MEAN  MEAN
MON  TEMP  HIGH   DATE     LOW   DATE   DAYS  DAYS RAIN AVG  HI  DATE    DIR BAROM HUM
---------------------------------------------------------------------------------------
1    21.4  51.8  1/12/20 -14.5  1/21/20  922    0  1.50   1  21  1/20/20 ENE 30.05   87
---------------------------------------------------------------------------------------
TOT  21.4  51.8  1/12/20 -14.5  1/21/20  922    0  1.49   1  21  1/20/20 ENE 30.05   87

HEAT BASE: 65.0
COOL BASE: 65.0


 

 

                  MONTHLY CLIMATOLOGICAL SUMMARY FOR 1/2020
                                        HEAT  COOL        
     MEAN                               DEG   DEG       WIND SPEED       DOM MEAN  MEAN
DAY  TEMP  HIGH   TIME     LOW   TIME   DAYS  DAYS RAIN AVG  HI  TIME    DIR BAROM HUM
---------------------------------------------------------------------------------------
1    29.8  32.2    14:57  27.9     5:47   34    0  0.06   0  14    22:43  SW 29.53   97
2    28.0  34.0    14:20  19.0     6:44   36    0  0.00   0   5    10:48 WNW 29.75   96
3    31.0  37.0    12:42  24.2     7:49   33    0  0.00   0   3    10:54   W 29.72   98
4    31.4  31.4     0:00  31.0     0:29    0    0  0.00   0   2     0:00   N 29.52  100
5    23.8  31.4     0:00  12.3    23:56   39    0  0.00   1  14    16:06 ENE 29.73   86
6    16.1  24.2    15:38   7.8     3:41   47    0  0.01   0   6    11:06 SSW 29.87   91
7    22.6  29.1    13:53  15.5     0:00   41    0  0.05   0   3    11:12  NE 29.93   94
8    25.2  32.6    13:55  14.6    23:56   38    0  0.08   0  14    16:05 WSW 29.83   89
9     9.6  16.2    14:04   4.3     8:13   54    0  0.00   1  13     0:52 ENE 30.61   70
10   24.6  30.9    23:18   6.2     0:07   39    0  0.00   1  19     4:35  NW 30.38   82
11   35.1  44.5    12:20  30.9     0:00   28    0  0.05   0   7    21:46 WSW 30.00  100
12   34.9  51.8    11:04  20.7    23:55   28    0  0.30   1  22    11:37 ENE 29.95   88
13   24.9  28.8    13:22  19.3     1:24   39    0  0.00   1  16    19:33 ENE 30.39   86
14   30.9  34.8    14:24  27.8     8:03   33    0  0.00   0  18    17:37 ENE 30.22   91
15   32.3  34.0     0:38  30.3    22:57   31    0  0.03   0  17     1:23  NW 30.04   96
16   27.1  31.6    11:35  12.9    23:59   36    0  0.39   1  21    17:48 ENE 29.88   93
17    1.4  12.9     0:00 -10.4    23:39   62    0  0.00   1  16     2:19 ENE 30.58   69
18    0.1  10.1    23:48 -11.5     1:34   63    0  0.27   1   7     9:16   E 30.37   79
19   16.7  27.6    11:23  10.1     0:00   47    0  0.06   1  16    20:30 ENE 29.71   85
20    6.5  16.5    14:27  -5.8    23:52   56    0  0.00   2  21    10:00 ENE 30.23   74
21    0.7  17.1    15:02 -14.5     7:16   62    0  0.00   0   7    11:52 ENE 30.43   77
22   17.3  32.3    14:23   6.6     0:00   46    0  0.00   1  20    12:25  SW 30.37   80
---------------------------------------------------------------------------------------
TOT  21.4  51.8  1/12/20 -14.5  1/21/20  892    0  1.50   1  21  1/20/20 ENE 30.05   87

HEAT BASE: 65.0
COOL BASE: 65.0

 



2010 Records

 

Parameter 

Max

Max Date

 Min

Min Date

Average

Wind Direction

 359

 1/5/20

 0

 1/4/20

 68

Wind Speed

 20 mph

 1/22/20

 0 mph

 1/1/20

 1 mph

Wind Gust

 21 mph

 1/20/20

 0 mph

 1/1/20

 2 mph

In Humidity

 29 %

 1/3/20

 19 %

 1/18/20

 25 %

Out Humidity

 100 %

 1/1/20

 44 %

 1/20/20

 87 %

In Temp

 75.2 F

 1/12/20

 66.4 F

 1/18/20

 71.5 F

Out Temp

 51.8 F

 1/12/20

 -14.5 F

 1/21/20

 21.4 F

Barometer

 30.12

 1/17/20 

 28.84

 1/1/20

 29.45

Total Precipitation

 1.50 "

 1/19/20

 0.01 "

 1/1/20

 0.70 "

Evapotranspiration

 0.03

 1/22/20

 0.00

 1/1/20

 0.00

UV Index

 0.0

 1/1/20

 0.0

 1/1/20

 0.0

Solar Radiation

 493.0

 1/22/20

 0.0

 1/1/20

 36.9

Wind Chill

 51.8 F

 1/12/20

 -23.0 F

 1/18/20

 20.7 F

Out Heat Index

 59.0 F

 1/12/20

 -10.5 F

 1/21/20

 26.8 F

Dew Point

 51.8 F

 1/12/20

 -19.4 F

 1/21/20

 18.1 F

 

Almanac

 

Parameter 

High

High Year

 Low

Low Year

Normal Temps

 0 F

 

 0 F

 

Record Temps

 0 F

 0

 0 F

 0



USA Weather Finder









Copyright © 2003 -
NH Weather Data
ALL RIGHTS RESERVED
Unauthorized duplication or distribution is prohibited

Never base important decisions on this or any weather information obtained from the Internet