NOAA Reports
 [Select Refresh to Update]
Data updated every 15 minutes






                  YEARLY CLIMATOLOGICAL SUMMARY FOR 2019
                                        HEAT  COOL        
     MEAN                               DEG   DEG       WIND SPEED       DOM MEAN  MEAN
MON  TEMP  HIGH   DATE     LOW   DATE   DAYS  DAYS RAIN AVG  HI  DATE    DIR BAROM HUM
---------------------------------------------------------------------------------------
1
2
3
4
5
6
7
8    65.6  83.9  8/19/19  42.3  8/26/19   57   66  1.38   0  25  8/30/19  SW 29.99   84
9    56.4  77.5  9/11/19  32.9  9/19/19  168   21  1.15   1  18  9/14/19 ENE 30.10   84
---------------------------------------------------------------------------------------
TOT  60.3  83.9  8/19/19  32.9  9/19/19  226   87 24.22   1  25  8/30/19 ENE 30.05   84

HEAT BASE: 65.0
COOL BASE: 65.0


 

 

                  MONTHLY CLIMATOLOGICAL SUMMARY FOR 9/2019
                                        HEAT  COOL        
     MEAN                               DEG   DEG       WIND SPEED       DOM MEAN  MEAN
DAY  TEMP  HIGH   TIME     LOW   TIME   DAYS  DAYS RAIN AVG  HI  TIME    DIR BAROM HUM
---------------------------------------------------------------------------------------
1    59.3  73.3    14:10  45.9     4:30    8    2  0.00   1  14    12:40 WSW 30.29   81
2    60.6  63.5    17:10  58.1     6:20    4    0  0.89   0  11     1:40 SSW 30.01   99
3    61.2  72.7    14:23  53.6     6:21    5    1  0.00   0   7    13:30   E 30.00   90
4    62.6  73.2    17:12  52.6     5:28    4    3  0.04   1  18    15:07 WSW 29.83   89
5    57.8  69.8    14:28  45.8     6:39    7    1  0.00   1  11     9:53 ENE 30.04   76
6    56.0  71.8    13:48  44.5     4:58    9    1  0.00   1  13    15:33  SW 29.99   81
7    57.2  69.4    13:37  48.9     6:59    7    1  0.03   0  11    12:02 ENE 29.74   84
8    55.8  62.4    16:09  47.4    22:14    8    0  0.03   0  10     9:04 ENE 29.94   88
9    52.5  64.5    13:58  44.0     5:33   11    0  0.00   0   8    15:27 ENE 30.26   85
10   56.4  70.5    13:46  40.7     6:02    9    2  0.00   1  13    13:26  SW 30.27   84
11   67.7  77.5    15:07  61.6     5:06    0    5  0.13   0  12    14:26 WSW 29.98   92
12   57.1  65.6    13:03  43.7    23:53    7    0  0.00   1  13    12:31 ENE 30.15   80
13   52.2  67.6    14:10  40.0     5:44   12    0  0.00   1  14    15:43  SW 30.42   75
14   56.1  61.9    15:59  47.3     1:34    7    0  0.02   1  19     6:10 WSW 30.18   86
15   61.4  72.0    13:47  53.5     2:47    4    2  0.01   0  13    14:44  SW 30.03   77
16   54.4  66.9    14:00  44.2    23:59    9    0  0.00   0  14    14:03 ENE 30.03   82
17   51.4  64.3    14:12  39.7     6:37   12    0  0.00   1  11    16:49 ENE 30.13   86
18   49.5  63.7    14:11  38.3    23:59   14    0  0.00   1  12    10:52 ENE 30.27   79
19   46.9  66.9    14:38  32.9     7:17   17    0  0.00   0  10    13:02  SW 30.30   81
20   53.5  75.0    14:46  35.7     5:04   12    2  0.00   0   8    12:26 ENE 30.16   80
21   48.6  50.2     0:00  46.7     3:55    2    0  0.00   0   0     0:00   N 30.14  100
---------------------------------------------------------------------------------------
TOT  56.4  77.5  9/11/19  32.9  9/19/19  168   21  1.15   1  18  9/14/19 ENE 30.10   84

HEAT BASE: 65.0
COOL BASE: 65.0

 



2010 Records

 

Parameter 

Max

Max Date

 Min

Min Date

Average

Wind Direction

 359

 9/4/19

 0

 8/22/19

 68

Wind Speed

 18 mph

 9/14/19

 0 mph

 8/16/19

 1 mph

Wind Gust

 25 mph

 8/30/19

 0 mph

 8/16/19

 2 mph

In Humidity

 72 %

 8/21/19

 31 %

 9/6/19

 48 %

Out Humidity

 100 %

 8/17/19

 33 %

 9/19/19

 84 %

In Temp

 79.0 F

 8/20/19

 63.3 F

 8/26/19

 71.7 F

Out Temp

 83.9 F

 8/19/19

 32.9 F

 9/19/19

 60.3 F

Barometer

 29.91

 9/13/19 

 29.06

 9/7/19

 29.45

Total Precipitation

 25.27 "

 9/15/19

 1.05 "

 8/16/19

 13.56 "

Evapotranspiration

 0.12

 9/5/19

 0.00

 8/16/19

 0.02

UV Index

 0.0

 8/16/19

 0.0

 8/16/19

 0.0

Solar Radiation

 1142.0

 8/31/19

 0.0

 8/16/19

 146.7

Wind Chill

 83.9 F

 8/19/19

 28.9 F

 9/19/19

 60.3 F

Out Heat Index

 88.5 F

 8/19/19

 40.1 F

 9/19/19

 65.3 F

Dew Point

 72.8 F

 8/18/19

 32.9 F

 9/19/19

 54.5 F

 

Almanac

 

Parameter 

High

High Year

 Low

Low Year

Normal Temps

 0 F

 

 0 F

 

Record Temps

 0 F

 0

 0 F

 0



USA Weather Finder









Copyright © 2003 -
NH Weather Data
ALL RIGHTS RESERVED
Unauthorized duplication or distribution is prohibited

Never base important decisions on this or any weather information obtained from the Internet