NOAA Reports
 [Select Refresh to Update]
Data updated every 15 minutes






                  YEARLY CLIMATOLOGICAL SUMMARY FOR 2019
                                        HEAT  COOL        
     MEAN                               DEG   DEG       WIND SPEED       DOM MEAN  MEAN
MON  TEMP  HIGH   DATE     LOW   DATE   DAYS  DAYS RAIN AVG  HI  DATE    DIR BAROM HUM
---------------------------------------------------------------------------------------
1    16.3  43.1   1/4/19 -20.5  1/22/19 2377    0  3.61   1  36   1/1/19 ENE 30.00   80
2    21.4  57.0   2/5/19 -11.0  2/27/19 3305    0  1.29   1  50   2/4/19 ENE 30.07   75
3    27.9  63.2  3/31/19  -8.6   3/8/19  889    0  1.75   1  32  3/10/19  SW 30.04   69
4    43.9  74.7  4/22/19  18.0   4/2/19 1370    7  4.50   1  28  4/18/19  SW 29.94   75
5    51.1  79.6  5/19/19  29.4   5/9/19  225    7  3.45   1  26  5/17/19 ENE 29.96   78
---------------------------------------------------------------------------------------
TOT  30.5  79.6  5/19/19 -20.5   1/1/1910558  664 14.60   1  50   2/4/19 ENE 30.00   75

HEAT BASE: 65.0
COOL BASE: 65.0


 

 

                  MONTHLY CLIMATOLOGICAL SUMMARY FOR 5/2019
                                        HEAT  COOL        
     MEAN                               DEG   DEG       WIND SPEED       DOM MEAN  MEAN
DAY  TEMP  HIGH   TIME     LOW   TIME   DAYS  DAYS RAIN AVG  HI  TIME    DIR BAROM HUM
---------------------------------------------------------------------------------------
1    40.8  52.2    14:03  32.7     1:18   19    0  0.15   0  10    13:50 WSW 30.36   69
2    44.2  47.3    14:22  41.2     3:53   13    0  0.20   0   7    15:30 ENE 30.15  100
3    46.4  48.9    14:10  42.6     1:10   15    0  0.19   0   8    15:13  SW 30.02   99
4    52.8  61.0    14:38  46.4     0:29   10    0  0.07   0   7     9:11 ENE 29.88   90
5    55.1  68.4    15:26  44.5     5:52    6    0  0.01   1  11    14:48 ENE 29.86   83
6    59.5  72.5    15:07  43.9     5:47   11    2  0.00   2  18    20:42  SW 29.93   61
7    54.2  59.5     9:27  45.8    23:46    6    0  0.31   0   8     2:12  NW 30.03   84
8    45.7  56.7    14:48  34.6    23:59   19    0  0.00   2  18    12:38 ENE 30.25   70
9    48.3  67.4    16:15  29.4     4:56   32    0  0.00   2  22    21:21 ENE 30.28   56
10   47.8  53.2    18:50  43.5     6:32   43    0  0.73   1  18     0:45 ENE 29.96   98
11   49.1  56.5    13:17  37.8    23:57   11    0  0.00   1  14    12:45 ENE 29.98   72
12   54.1  60.5    12:49  41.6    22:57   16    0  0.15   4  24    12:32 ENE 29.86   55
13   53.8  60.5    12:49  41.1    23:50   16    0  0.18   4  24    12:32 ENE 29.86   55
14   43.1  48.5    18:23  37.6     6:00   16    0  0.28   0  10    14:19 ENE 29.82   88
15   52.1  61.3    16:01  39.1     5:43    8    0  0.00   1  13    16:06 ENE 29.79   75
16   51.6  61.3    16:01  39.1     5:43    9    0  0.00   1  13    16:06 ENE 29.79   77
17   52.7  68.4    16:52  41.1     3:43   10    0  0.26   1  26    14:01 WSW 29.71   88
18   53.5  61.6    15:30  48.0     0:20   20    0  0.00   1  13    10:50 ENE 29.91   72
19   62.2  79.6    16:24  49.4     5:05    5    3  0.41   1  19    13:52 WSW 29.90   78
20   67.0  77.2    14:46  57.0    23:49    1    2  0.60   1  19    15:14 WSW 29.64   90
21   52.7  58.0     1:34  46.8     6:38    9    0  0.06   2  21    17:14 ENE 29.79   73
22   53.8  66.0    13:31  42.3     5:10    8    0  0.00   2  18    10:41 ENE 30.13   63
23   49.0  49.4     0:00  48.0     4:59    3    0  0.00   0   2     3:32 ENE 30.16   87
---------------------------------------------------------------------------------------
TOT  51.1  79.6  5/19/19  29.4   5/9/19  306    7  3.45   1  26  5/17/19 ENE 29.96   78

HEAT BASE: 65.0
COOL BASE: 65.0

 



2011 Records

 

Parameter 

Max

Max Date

 Min

Min Date

Average

Wind Direction

 359

 1/1/19

 0

 1/1/19

 68

Wind Speed

 37 mph

 2/4/19

 0 mph

 1/1/19

 1 mph

Wind Gust

 50 mph

 2/4/19

 0 mph

 1/1/19

 3 mph

In Humidity

 60 %

 5/20/19

 12 %

 1/1/19

 23 %

Out Humidity

 100 %

 1/1/19

 13 %

 1/1/19

 75 %

In Temp

 81.6 F

 4/22/19

 66.6 F

 1/1/19

 73.0 F

Out Temp

 79.6 F

 5/19/19

 -20.5 F

 1/1/19

 30.5 F

Barometer

 30.63

 2/20/19 

 29.11

 3/22/19

 30.00

Total Precipitation

 14.60 "

 5/21/19

 0.00 "

 1/1/19

 5.94 "

Evapotranspiration

 0.17

 5/22/19

 0.00

 1/1/19

 0.02

UV Index

 0.0

 1/1/19

 0.0

 1/1/19

 0.0

Solar Radiation

 1276.0

 5/11/19

 0.0

 1/1/19

 105.8

Wind Chill

 79.6 F

 5/19/19

 -26.4 F

 1/22/19

 29.8 F

Out Heat Index

 80.7 F

 5/19/19

 -17.2 F

 1/22/19

 34.4 F

Dew Point

 67.9 F

 5/20/19

 -26.4 F

 1/22/19

 22.5 F

 

Almanac

 

Parameter 

High

High Year

 Low

Low Year

Normal Temps

 0 F

 

 0 F

 

Record Temps

 0 F

 0

 0 F

 0



USA Weather Finder









Copyright © 2003 -
NH Weather Data
ALL RIGHTS RESERVED
Unauthorized duplication or distribution is prohibited

Never base important decisions on this or any weather information obtained from the Internet