NOAA Reports
 [Select Refresh to Update]
Data updated every 15 minutes






                  YEARLY CLIMATOLOGICAL SUMMARY FOR 2017
                                        HEAT  COOL        
     MEAN                               DEG   DEG       WIND SPEED       DOM MEAN  MEAN
MON  TEMP  HIGH   DATE     LOW   DATE   DAYS  DAYS RAIN AVG  HI  DATE    DIR BAROM HUM
---------------------------------------------------------------------------------------
1    24.1  49.3  1/11/17  -9.2   1/9/17 1176    0  1.09   1  37  1/10/17  SW 29.96   81
2    43.0  57.5   3/1/17  34.2   3/1/17   17    0  0.21   1  20   3/1/17   W 29.51   94
3    23.2  57.5   3/1/17  -6.1  3/11/17 1174    0  2.22   1  27  3/14/17 ENE 30.07   72
4    42.8  80.0  4/16/17  21.6   4/3/17  468   13  2.22   1  31   4/4/17  SW 29.97   78
---------------------------------------------------------------------------------------
TOT  27.7  80.0  4/16/17  -9.2   1/1/17 3855   13  7.88   1  37  1/10/17 ENE 29.97   78

HEAT BASE: 65.0
COOL BASE: 65.0


 

 

                  MONTHLY CLIMATOLOGICAL SUMMARY FOR 4/2017
                                        HEAT  COOL        
     MEAN                               DEG   DEG       WIND SPEED       DOM MEAN  MEAN
DAY  TEMP  HIGH   TIME     LOW   TIME   DAYS  DAYS RAIN AVG  HI  TIME    DIR BAROM HUM
---------------------------------------------------------------------------------------
1    32.3  35.9    17:04  30.4     6:04   29    0  0.28   0   7    10:46 ENE 29.94  100
2    36.1  48.7    16:52  26.4    23:57   26    0  0.01   1  13    17:29 ENE 30.00   82
3    35.8  51.5    16:47  21.6     6:31   26    0  0.01   1  12    14:25 ENE 30.03   66
4    36.4  43.4     5:17  29.9     0:00   26    0  0.21   2  31    14:02  SW 29.76   83
5    36.3  44.0    17:36  32.3     5:58   51    0  0.01   0   8    14:08  SW 29.89   95
6    37.3  43.2    11:38  31.4     6:09   25    0  0.40   1  18    10:48 WSW 29.69   95
7    39.6  44.1    15:38  32.9    23:36   22    0  0.17   1  12    14:11  SW 29.20   96
8    33.1  35.9    12:50  30.8     7:00   28    0  0.03   1  16     9:36  NW 29.65   83
9    41.2  59.6    16:48  22.8     6:40   21    0  0.00   1  12    11:35  SW 30.01   66
10   52.9  78.1    14:14  30.7     6:39   14    4  0.00   2  18    16:45 WSW 30.00   59
11   57.5  78.7    14:25  36.5     5:53    9    4  0.05   1  17    14:26 WSW 30.00   68
12   50.0  57.9    16:21  43.1    23:56   12    0  0.17   1  11    16:19  NW 30.08   90
13   41.2  49.9    16:42  28.7    23:57   21    0  0.00   1  17    17:03  SW 30.26   71
14   39.8  56.9    13:49  23.0     6:12   23    0  0.00   1  18    11:22 ENE 30.36   60
15   46.1  67.8    16:00  23.3     6:12   18    1  0.21   2  20    14:05 WSW 30.16   67
16   61.1  80.0    14:48  43.2     6:45    6    4  0.10   2  20    15:44 WSW 29.68   76
17   50.2  58.4    11:54  40.2    23:59   13    0  0.00   2  18    10:55 ENE 29.88   68
18   40.4  48.5    17:05  33.9    21:14   22    0  0.00   1  16    21:47 ENE 30.36   61
19   40.1  49.9    15:08  30.7     3:26   43    0  0.26   3  22    10:27 ENE 30.31   79
20   46.0  53.3    14:38  40.5     1:53   16    0  0.00   1  11     0:39 ENE 30.10   86
21   42.5  45.7    12:02  39.2    23:46   19    0  0.30   2  24    14:46  SW 29.99   92
22   40.8  44.2    17:50  38.1     6:50   20    0  0.00   0   7    20:42 SSW 29.94   94
23   47.8  63.6    17:55  35.8     6:03   15    0  0.01   1  13    15:29   E 30.00   69
24   37.9  52.2    10:02  30.7     5:48   11    0  0.00   1  13    10:21 ENE 30.09   90
---------------------------------------------------------------------------------------
TOT  42.8  80.0  4/16/17  21.6   4/3/17  516   13  2.22   1  31   4/4/17  SW 29.97   78

HEAT BASE: 65.0
COOL BASE: 65.0

 



2011 Records

 

Parameter 

Max

Max Date

 Min

Min Date

Average

Wind Direction

 359

 1/1/17

 0

 1/1/17

 68

Wind Speed

 37 mph

 1/10/17

 0 mph

 1/1/17

 1 mph

Wind Gust

 37 mph

 1/10/17

 0 mph

 1/1/17

 2 mph

In Humidity

 40 %

 4/17/17

 14 %

 1/1/17

 23 %

Out Humidity

 100 %

 1/3/17

 12 %

 1/1/17

 78 %

In Temp

 80.1 F

 4/16/17

 65.9 F

 1/1/17

 71.6 F

Out Temp

 80.0 F

 4/16/17

 -9.2 F

 1/1/17

 27.7 F

Barometer

 30.72

 1/14/17 

 29.12

 4/7/17

 29.97

Total Precipitation

 7.88 "

 4/23/17

 0.00 "

 1/1/17

 3.34 "

Evapotranspiration

 0.16

 4/10/17

 0.00

 1/1/17

 0.02

UV Index

 0.0

 1/1/17

 0.0

 1/1/17

 0.0

Solar Radiation

 1237.0

 4/18/17

 0.0

 1/1/17

 93.1

Wind Chill

 80.0 F

 4/16/17

 -26.7 F

 3/11/17

 26.8 F

Out Heat Index

 79.7 F

 4/16/17

 -5.8 F

 3/11/17

 31.9 F

Dew Point

 59.0 F

 2/25/17

 -22.6 F

 3/11/17

 20.6 F

 

Almanac

 

Parameter 

High

High Year

 Low

Low Year

Normal Temps

 0 F

 

 0 F

 

Record Temps

 0 F

 0

 0 F

 0



USA Weather Finder









Copyright © 2003 -
NH Weather Data
ALL RIGHTS RESERVED
Unauthorized duplication or distribution is prohibited

Never base important decisions on this or any weather information obtained from the Internet