NOAA Reports
 [Select Refresh to Update]
Data updated every 15 minutes






                  YEARLY CLIMATOLOGICAL SUMMARY FOR 2020
                                        HEAT  COOL        
     MEAN                               DEG   DEG       WIND SPEED       DOM MEAN  MEAN
MON  TEMP  HIGH   DATE     LOW   DATE   DAYS  DAYS RAIN AVG  HI  DATE    DIR BAROM HUM
---------------------------------------------------------------------------------------
1    21.8  51.8  1/12/20 -14.5  1/21/20 1290    0  1.65   1  28  1/29/20 ENE 30.05   86
2    18.9  53.3  2/24/20 -18.7  2/15/20 1289    0  1.46   1  44  2/18/20  SW 29.96   75
3    27.6  63.8   3/9/20  -1.5   3/1/20 1104    0  4.22   1  49  3/29/20  SW 30.03   58
4    39.3  64.0  4/29/20  20.7  4/19/20  723    0  3.32   2  55  4/30/20  SW 29.81   68
5    53.6  92.5  5/27/20  25.1   5/6/20  381   76  2.45   2  43   5/1/20  SW 29.94   66
6    64.0  91.7  6/21/20  33.8   6/1/20  141  154  3.17   1  41  6/10/20  SW 29.91   76
7    71.1  89.5  7/19/20  53.6   7/7/20   19  255  3.63   1  45  7/11/20  SW 29.86   82
8    65.6  89.2  8/11/20  41.6  8/27/20   90  152  1.48   1  39   8/4/20  SW 29.89   83
9    59.9  87.1   9/9/20  33.2  9/15/20  116   52  0.05   1  45   9/7/20  SW 30.05   77
---------------------------------------------------------------------------------------
TOT  46.3  92.5  5/27/20 -18.7  2/15/20 5153  689 21.42   1  55  4/30/20  SW 29.94   75

HEAT BASE: 65.0
COOL BASE: 65.0


 

 

                  MONTHLY CLIMATOLOGICAL SUMMARY FOR 9/2020
                                        HEAT  COOL        
     MEAN                               DEG   DEG       WIND SPEED       DOM MEAN  MEAN
DAY  TEMP  HIGH   TIME     LOW   TIME   DAYS  DAYS RAIN AVG  HI  TIME    DIR BAROM HUM
---------------------------------------------------------------------------------------
1    60.9  73.6    14:18  45.9     6:23    6    3  0.00   1  19    22:20  SW 30.11   79
2    64.0  69.3    22:26  56.0     6:26    2    2  0.00   0  14    13:28  SW 29.87   86
3    67.7  78.1    12:28  56.1    23:56    1    5  0.05   0  12    14:10  SW 29.72   85
4    62.2  75.3    12:11  51.7    23:57    4    3  0.00   1  25    13:08  SW 29.78   75
5    58.0  71.5    14:22  45.0     6:40    7    2  0.00   1  20    14:37  SW 30.05   75
6    56.5  72.0    12:49  43.7     6:47    9    2  0.00   0   8    12:13  SW 30.13   76
7    62.4  78.1    14:59  44.2     3:05    6    5  0.00   2  51    11:55 WSW 30.01   74
8    68.1  82.6    14:01  53.9     6:34    2    7  0.00   0  17     9:23  SW 30.07   82
9    71.4  87.1    13:50  59.5     6:45    1    9  0.00   1  28    15:18  SW 30.19   78
10   70.7  85.0    13:57  58.6     6:34    1    8  0.00   2  29    18:27  SW 30.14   79
11   55.6  63.3    14:17  42.6    23:59    8    0  0.00   1  18    14:24 ENE 30.22   75
12   52.5  69.1    14:23  38.4     3:43   12    1  0.00   1  14    16:31  SW 30.30   78
13   59.0  70.5    13:43  43.0     6:32    7    2  0.00   1  35    13:19 WSW 30.03   80
14   57.7  65.1    11:39  39.7    23:57    6    0  0.00   1  24    18:17   E 30.06   72
15   46.2  59.8    14:46  33.2     6:17   17    0  0.00   1   8    11:27 ENE 30.27   79
16   56.3  73.9    15:19  37.3     6:35   10    3  0.00   1  20    16:29  SW 30.04   67
17   54.3  59.8    17:38  46.5     5:18    9    0  0.00   0  12    11:27 ENE 29.98   87
18   53.7  62.8    12:41  44.3     6:54    8    0  0.00   3  32    14:14 ENE 30.03   64
---------------------------------------------------------------------------------------
TOT  59.9  87.1   9/9/20  33.2  9/15/20  116   52  0.05   1  45   9/7/20  SW 30.05   77

HEAT BASE: 65.0
COOL BASE: 65.0

 



2010 Records

 

Parameter 

Max

Max Date

 Min

Min Date

Average

Wind Direction

 359

 1/5/20

 0

 1/4/20

 225

Wind Speed

 55 mph

 4/30/20

 0 mph

 1/1/20

 1 mph

Wind Gust

 55 mph

 4/30/20

 0 mph

 1/1/20

 3 mph

In Humidity

 68 %

 7/18/20

 18 %

 2/22/20

 32 %

Out Humidity

 100 %

 1/1/20

 10 %

 5/21/20

 74 %

In Temp

 85.3 F

 6/18/20

 62.2 F

 9/12/20

 73.2 F

Out Temp

 92.5 F

 5/27/20

 -18.7 F

 2/15/20

 46.3 F

Barometer

 30.12

 1/17/20 

 28.14

 2/7/20

 29.34

Total Precipitation

 21.43 "

 9/3/20

 0.01 "

 1/1/20

 11.08 "

Evapotranspiration

 0.21

 5/21/20

 0.00

 1/1/20

 0.04

UV Index

 8.5

 3/7/20

 0.0

 1/1/20

 0.0

Solar Radiation

 1378.0

 5/31/20

 0.0

 1/1/20

 145.5

Wind Chill

 92.5 F

 5/27/20

 -29.1 F

 2/15/20

 45.9 F

Out Heat Index

 100.1 F

 7/10/20

 -15.1 F

 2/15/20

 50.3 F

Dew Point

 78.3 F

 7/27/20

 -24.2 F

 2/15/20

 38.3 F

 

Almanac

 

Parameter 

High

High Year

 Low

Low Year

Normal Temps

 0 F

 

 0 F

 

Record Temps

 0 F

 0

 0 F

 0



USA Weather Finder









Copyright © 2003 -
NH Weather Data
ALL RIGHTS RESERVED
Unauthorized duplication or distribution is prohibited

Never base important decisions on this or any weather information obtained from the Internet