NOAA Reports
 [Select Refresh to Update]
Data updated every 15 minutes






                  YEARLY CLIMATOLOGICAL SUMMARY FOR 2020
                                        HEAT  COOL        
     MEAN                               DEG   DEG       WIND SPEED       DOM MEAN  MEAN
MON  TEMP  HIGH   DATE     LOW   DATE   DAYS  DAYS RAIN AVG  HI  DATE    DIR BAROM HUM
---------------------------------------------------------------------------------------
1    21.8  51.8  1/12/20 -14.5  1/21/20 1290    0  1.65   1  28  1/29/20 ENE 30.05   86
2    18.9  53.3  2/24/20 -18.7  2/15/20 1289    0  1.46   1  44  2/18/20  SW 29.96   75
3    27.6  63.8   3/9/20  -1.5   3/1/20 1104    0  4.22   1  49  3/29/20  SW 30.03   58
4    39.3  64.0  4/29/20  20.7  4/19/20  723    0  3.32   2  55  4/30/20  SW 29.81   68
5    53.6  92.5  5/27/20  25.1   5/6/20  381   76  2.45   2  43   5/1/20  SW 29.94   66
6    64.0  91.7  6/21/20  33.8   6/1/20  141  154  3.17   1  41  6/10/20  SW 29.91   76
7    71.6  89.0  7/10/20  53.6   7/7/20    7  121  2.58   1  45  7/11/20  SW 29.83   82
---------------------------------------------------------------------------------------
TOT  40.0  92.5  5/27/20 -18.7  2/15/20 4935  351 18.84   1  55  4/30/20 ENE 29.94   72

HEAT BASE: 65.0
COOL BASE: 65.0


 

 

                  MONTHLY CLIMATOLOGICAL SUMMARY FOR 7/2020
                                        HEAT  COOL        
     MEAN                               DEG   DEG       WIND SPEED       DOM MEAN  MEAN
DAY  TEMP  HIGH   TIME     LOW   TIME   DAYS  DAYS RAIN AVG  HI  TIME    DIR BAROM HUM
---------------------------------------------------------------------------------------
1    68.1  73.6    19:03  63.2     0:06    0    5  0.12   0  16    13:24  SW 29.82   95
2    72.6  87.8    14:54  64.0     0:00    0    9  0.02   1  13    14:00  SW 29.73   88
3    72.7  85.0    13:29  65.3    23:53    0    9  0.35   1  19    16:04 ENE 29.80   84
4    70.9  82.8    14:46  58.4    23:56    0    8  0.00   0  13     8:25  SW 29.86   78
5    69.6  82.8    13:32  58.0     0:33    2    8  0.00   0  14    14:53  SW 29.87   74
6    69.0  82.5    12:48  57.5    23:58    1    7  0.00   1  14     9:53 ENE 30.00   71
7    69.3  81.4    14:40  53.6     4:40    3    9  0.00   1  19    11:20  NE 30.02   75
8    73.3  83.4    14:43  65.9    23:32    0   10  0.03   1  22    17:39  SW 29.88   84
9    73.4  87.8    14:10  63.5     3:40    0   10  0.00   1  14    11:50  SW 29.92   84
10   76.9  89.0    12:05  64.8     5:45    0   13  0.00   1  29    16:37  SW 29.91   76
11   77.3  84.2    14:47  70.3     5:29    0   14  0.01   2  48    14:43  SW 29.59   79
12   74.5  82.3    13:30  64.9    23:52    0   11  0.04   1  21    13:30  SW 29.52   81
13   69.5  83.8    13:34  61.6     6:12    0    6  0.52   1  24    17:48  SW 29.72   87
14   66.0  73.1    14:55  60.1     7:12    0    3  1.49   1  20    13:58 ENE 29.91   93
15   61.4  62.0     0:00  60.3     0:59    0    0  0.00   0   3     0:09 ENE 30.07  100
---------------------------------------------------------------------------------------
TOT  71.6  89.0  7/10/20  53.6   7/7/20    7  121  2.58   1  45  7/11/20  SW 29.83   82

HEAT BASE: 65.0
COOL BASE: 65.0

 



2010 Records

 

Parameter 

Max

Max Date

 Min

Min Date

Average

Wind Direction

 359

 1/5/20

 0

 1/4/20

 68

Wind Speed

 55 mph

 4/30/20

 0 mph

 1/1/20

 1 mph

Wind Gust

 55 mph

 4/30/20

 0 mph

 1/1/20

 3 mph

In Humidity

 67 %

 6/24/20

 18 %

 2/22/20

 28 %

Out Humidity

 100 %

 1/1/20

 10 %

 5/21/20

 72 %

In Temp

 85.3 F

 6/18/20

 63.5 F

 5/22/20

 73.3 F

Out Temp

 92.5 F

 5/27/20

 -18.7 F

 2/15/20

 40.0 F

Barometer

 30.12

 1/17/20 

 28.14

 2/7/20

 29.34

Total Precipitation

 18.85 "

 7/14/20

 0.01 "

 1/1/20

 7.95 "

Evapotranspiration

 0.21

 5/21/20

 0.00

 1/1/20

 0.03

UV Index

 8.5

 3/7/20

 0.0

 1/1/20

 0.0

Solar Radiation

 1378.0

 5/31/20

 0.0

 1/1/20

 137.5

Wind Chill

 92.5 F

 5/27/20

 -29.1 F

 2/15/20

 39.4 F

Out Heat Index

 100.1 F

 7/10/20

 -15.1 F

 2/15/20

 43.8 F

Dew Point

 76.0 F

 6/23/20

 -24.2 F

 2/15/20

 31.7 F

 

Almanac

 

Parameter 

High

High Year

 Low

Low Year

Normal Temps

 0 F

 

 0 F

 

Record Temps

 0 F

 0

 0 F

 0



USA Weather Finder









Copyright © 2003 -
NH Weather Data
ALL RIGHTS RESERVED
Unauthorized duplication or distribution is prohibited

Never base important decisions on this or any weather information obtained from the Internet