NOAA Reports
 [Select Refresh to Update]
Data updated every 15 minutes






                  YEARLY CLIMATOLOGICAL SUMMARY FOR 2021
                                        HEAT  COOL        
     MEAN                               DEG   DEG       WIND SPEED       DOM MEAN  MEAN
MON  TEMP  HIGH   DATE     LOW   DATE   DAYS  DAYS RAIN AVG  HI  DATE    DIR BAROM HUM
---------------------------------------------------------------------------------------
1    -1.5  -1.5   1/1/21  -1.5   1/1/21 2010    0  0.00   0   0   1/1/21   N 29.92    0
2    -1.5  -1.5   2/1/21  -1.5   2/1/21 1706    0  0.00   0   0   2/1/21   N 30.00    0
---------------------------------------------------------------------------------------
TOT  -1.5  -1.5   1/1/21  -1.5   1/1/21 3715    0-31.10   0   0   1/1/21   N 29.95    0

HEAT BASE: 65.0
COOL BASE: 65.0


 

 

                  MONTHLY CLIMATOLOGICAL SUMMARY FOR 2/2021
                                        HEAT  COOL        
     MEAN                               DEG   DEG       WIND SPEED       DOM MEAN  MEAN
DAY  TEMP  HIGH   TIME     LOW   TIME   DAYS  DAYS RAIN AVG  HI  TIME    DIR BAROM HUM
---------------------------------------------------------------------------------------
1    -1.5  -1.5     0:00  -1.5     0:00   65    0  0.00   0   0     0:00   N 30.12    0
2    -1.5  -1.5     0:00  -1.5     0:00   65    0  0.00   0   0     0:00   N 29.55    0
3    -1.5  -1.5     0:00  -1.5     0:00   65    0  0.00   0   0     0:00   N 29.40    0
4    -1.5  -1.5     0:00  -1.5     0:00   65    0  0.00   0   0     0:00   N 29.68    0
5    -1.5  -1.5     0:00  -1.5     0:00   65    0  0.00   0   0     0:00   N 29.62    0
6    -1.5  -1.5     0:00  -1.5     0:00   65    0  0.00   0   0     0:00   N 29.80    0
7    -1.5  -1.5     0:00  -1.5     0:00   65    0  0.00   0   0     0:00   N 29.95    0
8    -1.5  -1.5     0:00  -1.5     0:00   65    0  0.00   0   0     0:00   N 30.21    0
9    -1.5  -1.5     0:00  -1.5     0:00   65    0  0.00   0   0     0:00   N 30.22    0
10   -1.5  -1.5     0:00  -1.5     0:00   65    0  0.00   0   0     0:00   N 30.19    0
11   -1.5  -1.5     0:00  -1.5     0:00   65    0  0.00   0   0     0:00   N 30.19    0
12   -1.5  -1.5     0:00  -1.5     0:00   65    0  0.00   0   0     0:00   N 30.28    0
13   -1.5  -1.5     0:00  -1.5     0:00   65    0  0.00   0   0     0:00   N 30.31    0
14   -1.5  -1.5     0:00  -1.5     0:00   65    0  0.00   0   0     0:00   N 30.18    0
15   -1.5  -1.5     0:00  -1.5     0:00   65    0  0.00   0   0     0:00   N 30.18    0
16   -1.5  -1.5     0:00  -1.5     0:00   63    0  0.00   0   0     0:00   N 29.63    0
17   -1.5  -1.5     0:00  -1.5     0:00   65    0  0.00   0   0     0:00   N 30.20    0
18   -1.5  -1.5     0:00  -1.5     0:00   65    0  0.00   0   0     0:00   N 30.38    0
19   -1.5  -1.5     0:00  -1.5     0:00   65    0  0.00   0   0     0:00   N 30.11    0
20   -1.5  -1.5     0:00  -1.5     0:00   65    0  0.00   0   0     0:00   N 29.97    0
21   -1.5  -1.5     0:00  -1.5     0:00   65    0  0.00   0   0     0:00   N 30.33    0
22   -1.5  -1.5     0:00  -1.5     0:00   65    0  0.00   0   0     0:00   N 29.92    0
23   -1.5  -1.5     0:00  -1.5     0:00   65    0  0.00   0   0     0:00   N 29.49    0
24   -1.5  -1.5     0:00  -1.5     0:00   65    0  0.00   0   0     0:00   N 29.69    0
25   -1.5  -1.5     0:00  -1.5     0:00   65    0  0.00   0   0     0:00   N 29.87    0
26   -1.5  -1.5     0:00  -1.5     0:00   65    0  0.00   0   0     0:00   N 30.33    0
27   -1.5  -1.5     0:00  -1.5     0:00   19    0  0.00   0   0     0:00   N 30.31    0
---------------------------------------------------------------------------------------
TOT  -1.5  -1.5   2/1/21  -1.5   2/1/21 1706    0  0.00   0   0   2/1/21   N 30.00    0

HEAT BASE: 65.0
COOL BASE: 65.0

 



2010 Records

 

Parameter 

Max

Max Date

 Min

Min Date

Average

Wind Direction

 0

 1/1/21

 0

 1/1/21

 0

Wind Speed

 0 mph

 1/1/21

 0 mph

 1/1/21

 0 mph

Wind Gust

 0 mph

 1/1/21

 0 mph

 1/1/21

 0 mph

In Humidity

 32 %

 1/14/21

 18 %

 2/12/21

 26 %

Out Humidity

 0 %

 1/1/21

 0 %

 1/1/21

 0 %

In Temp

 74.3 F

 2/24/21

 64.1 F

 1/31/21

 70.1 F

Out Temp

 -1.5 F

 1/1/21

 -1.5 F

 1/1/21

 -1.5 F

Barometer

 29.86

 1/1/21 

 28.49

 1/17/21

 29.35

Total Precipitation

 0.00 "

 1/1/21

 31.10 "

 1/1/21

 0.00 "

Evapotranspiration

 0.00

 1/1/21

 0.00

 1/1/21

 0.00

UV Index

 0.0

 1/1/21

 0.0

 1/1/21

 0.0

Solar Radiation

 0.0

 1/1/21

 0.0

 1/1/21

 0.0

Wind Chill

 -1.5 F

 1/1/21

 -1.5 F

 1/1/21

 -1.5 F

Out Heat Index

 -3.7 F

 1/1/21

 -3.7 F

 1/1/21

 -3.7 F

Dew Point

 0.0 F

 1/1/21

 0.0 F

 1/1/21

 0.0 F

 

Almanac

 

Parameter 

High

High Year

 Low

Low Year

Normal Temps

 0 F

 

 0 F

 

Record Temps

 0 F

 0

 0 F

 0



USA Weather Finder









Copyright © 2003 -
NH Weather Data
ALL RIGHTS RESERVED
Unauthorized duplication or distribution is prohibited

Never base important decisions on this or any weather information obtained from the Internet