NOAA Reports
 [Select Refresh to Update]
Data updated every 15 minutes






                  YEARLY CLIMATOLOGICAL SUMMARY FOR 2017
                                        HEAT  COOL        
     MEAN                               DEG   DEG       WIND SPEED       DOM MEAN  MEAN
MON  TEMP  HIGH   DATE     LOW   DATE   DAYS  DAYS RAIN AVG  HI  DATE    DIR BAROM HUM
---------------------------------------------------------------------------------------
1    24.1  49.3  1/11/17  -9.2   1/9/17 1176    0  1.09   1  37  1/10/17  SW 29.96   81
2    43.0  57.5   3/1/17  34.2   3/1/17   17    0  0.21   1  20   3/1/17   W 29.51   94
3    20.2  57.5   3/1/17  -6.1  3/11/17  911    0  1.37   2  27  3/14/17 ENE 30.03   69
---------------------------------------------------------------------------------------
TOT  23.0  64.1  2/25/17  -9.2   1/1/17 3124    0  4.81   1  37  1/10/17 ENE 29.95   77

HEAT BASE: 65.0
COOL BASE: 65.0


 

 

                  MONTHLY CLIMATOLOGICAL SUMMARY FOR 3/2017
                                        HEAT  COOL        
     MEAN                               DEG   DEG       WIND SPEED       DOM MEAN  MEAN
DAY  TEMP  HIGH   TIME     LOW   TIME   DAYS  DAYS RAIN AVG  HI  TIME    DIR BAROM HUM
---------------------------------------------------------------------------------------
1    42.8  57.5    14:29  34.2     1:55   19    0  0.26   1  20    13:46  SW 29.49   94
2    28.9  46.9     0:50  16.0    23:58   33    0  0.06   3  20    13:15 WSW 29.53   70
3    15.7  24.7    14:42   7.2    23:59   46    0  0.00   2  17    20:48 ENE 30.15   55
4     3.4   7.2     0:00   0.8     5:20   55    0  0.01   2  18     9:36 ENE 30.45   57
5     9.0  21.5    14:36  -2.6     5:52   52    0  0.00   2  20     8:22 ENE 30.59   49
6    18.5  37.8    14:42  -1.5     5:44   42    0  0.00   1  11     9:27 ENE 30.48   55
7    32.5  37.5    14:40  27.4     3:44   71    0  0.06   1  18    14:04  SW 30.19   89
8    38.3  50.2    13:41  31.2    21:49   24    0  0.11   1  18    14:05 WSW 29.79   84
9    30.7  38.5     2:10  25.0    23:55   32    0  0.03   3  21     4:30  NW 29.82   63
10   21.6  29.2    13:59   9.7    23:57   41    0  0.00   1  16    23:48 ENE 29.83   66
11    0.9   9.7     0:00  -6.1     6:49   59    0  0.00   2  18    13:22  NW 30.05   57
12    6.5  15.2    15:17  -1.5     7:03  111    0  0.00   2  16    16:06 ENE 30.22   52
13   12.8  23.3    16:56  -1.9     7:00  158    0  0.00   1  16    12:58 ENE 30.41   55
14   16.9  23.1    21:01  11.3     1:54   40    0  0.70   3  27    17:46 ENE 29.88   87
15   17.8  21.6    14:28  12.1     7:32   45    0  0.05   2  14    17:53  SW 29.33   89
16   16.5  22.2    14:35  11.5     7:09   46    0  0.00   1  14    10:04 ENE 29.78   76
17   16.6  30.8    15:17   1.7     8:21   46    0  0.00   1  16    11:20 ENE 30.12   69
18   17.0  38.5    15:47  -3.6     7:21   43    0  0.00   1  12    16:03 ENE 30.29   68
19   25.2  42.1    14:26   6.8     7:26   33    0  0.00   1  14    16:46 ENE 30.25   66
20   28.6  47.4    15:39  11.1     6:47   32    0  0.00   1  12    12:40 ENE 30.06   66
21   33.8  41.1    16:26  27.4    23:21   26    0  0.01   0   7    14:08  SW 29.83   78
22   16.9  29.3     4:23   9.4    23:35   42    0  0.08   2  21    13:09  NW 30.05   67
23    6.4  24.0    11:50  -4.0     6:56   26    0  0.00   1  14    11:43 ENE 30.45   63
---------------------------------------------------------------------------------------
TOT  20.2  57.5   3/1/17  -6.1  3/11/17 1123    0  1.37   2  27  3/14/17 ENE 30.03   69

HEAT BASE: 65.0
COOL BASE: 65.0

 



2011 Records

 

Parameter 

Max

Max Date

 Min

Min Date

Average

Wind Direction

 359

 1/1/17

 0

 1/1/17

 68

Wind Speed

 37 mph

 1/10/17

 0 mph

 1/1/17

 1 mph

Wind Gust

 37 mph

 1/10/17

 0 mph

 1/1/17

 2 mph

In Humidity

 31 %

 2/25/17

 14 %

 1/1/17

 22 %

Out Humidity

 100 %

 1/3/17

 12 %

 1/1/17

 77 %

In Temp

 76.7 F

 2/25/17

 65.9 F

 1/1/17

 70.9 F

Out Temp

 64.1 F

 2/25/17

 -9.2 F

 1/1/17

 23.0 F

Barometer

 30.72

 1/14/17 

 29.13

 1/26/17

 29.95

Total Precipitation

 4.81 "

 3/22/17

 0.00 "

 1/1/17

 2.12 "

Evapotranspiration

 0.09

 3/20/17

 0.00

 1/1/17

 0.01

UV Index

 0.0

 1/1/17

 0.0

 1/1/17

 0.0

Solar Radiation

 943.0

 3/22/17

 0.0

 1/1/17

 78.7

Wind Chill

 64.1 F

 2/25/17

 -26.7 F

 3/11/17

 21.9 F

Out Heat Index

 66.2 F

 2/25/17

 -5.8 F

 3/11/17

 27.1 F

Dew Point

 59.0 F

 2/25/17

 -22.6 F

 3/11/17

 16.2 F

 

Almanac

 

Parameter 

High

High Year

 Low

Low Year

Normal Temps

 0 F

 

 0 F

 

Record Temps

 0 F

 0

 0 F

 0



USA Weather Finder









Copyright © 2003 -
NH Weather Data
ALL RIGHTS RESERVED
Unauthorized duplication or distribution is prohibited

Never base important decisions on this or any weather information obtained from the Internet