NOAA Reports
 [Select Refresh to Update]
Data updated every 15 minutes






                  YEARLY CLIMATOLOGICAL SUMMARY FOR 2017
                                        HEAT  COOL        
     MEAN                               DEG   DEG       WIND SPEED       DOM MEAN  MEAN
MON  TEMP  HIGH   DATE     LOW   DATE   DAYS  DAYS RAIN AVG  HI  DATE    DIR BAROM HUM
---------------------------------------------------------------------------------------
1    24.1  49.3  1/11/17  -9.2   1/9/17 1176    0  1.09   1  37  1/10/17  SW 29.96   81
2    43.0  57.5   3/1/17  34.2   3/1/17   17    0  0.21   1  20   3/1/17   W 29.51   94
3    23.2  57.5   3/1/17  -6.1  3/11/17 1174    0  2.22   1  27  3/14/17 ENE 30.07   72
4    45.1  80.0  4/16/17  21.6   4/3/17  533   21  2.40   1  31   4/4/17  SW 29.98   77
5    51.8  88.7  5/18/17  27.8   5/4/17  357   32  5.25   1  28   5/6/17  SW 29.86   80
6    62.2  91.2  6/12/17  39.3  6/15/17  133  112  4.87   1  21  6/11/17  SW 29.85   82
7    65.9  85.2  7/20/17  44.4  7/30/17   66  146  3.10   0  18   7/6/17  SW 29.92   83
8    62.9  85.6   8/3/17  43.4  8/28/17  175  253  2.36   0  24  8/22/17  SW 29.98   84
9    60.4  90.1  9/25/17  35.8   9/2/17  138   73  3.45   0  19   9/4/17 ENE 30.00   86
10   52.4  78.1  10/8/17  27.0 10/17/17  441   99  5.00   1  31 10/24/17  SW 30.03   84
11   33.4  61.9  11/3/17  12.0 11/11/17  574    0  1.48   1  25  11/5/17 ENE 30.10   83
---------------------------------------------------------------------------------------
TOT  45.9  91.2  6/12/17  -9.2   1/1/17 5600  517 33.57   1  37  1/10/17  SW 29.96   81

HEAT BASE: 65.0
COOL BASE: 65.0


 

 

                  MONTHLY CLIMATOLOGICAL SUMMARY FOR 11/2017
                                        HEAT  COOL        
     MEAN                               DEG   DEG       WIND SPEED       DOM MEAN  MEAN
DAY  TEMP  HIGH   TIME     LOW   TIME   DAYS  DAYS RAIN AVG  HI  TIME    DIR BAROM HUM
---------------------------------------------------------------------------------------
1    38.6  47.1    13:01  30.2     7:08   23    0  0.06   0   8    12:19  SW 30.28   86
2    50.8  59.3    23:57  40.2     0:37   12    0  0.30   1  13    10:42  NW 30.17   97
3    55.5  61.9    14:05  39.9    23:27    7    0  0.10   2  16    14:09  NW 29.96   88
4    37.3  43.5    15:05  31.2     7:58   24    0  0.00   1  11     1:09 ENE 30.34   84
5    45.3  51.6    18:40  33.3     2:18   13    0  0.21   1  25    11:11  SW 30.19   84
6    29.8  42.8    13:42  17.2     6:30   23    0  0.00   0  10    16:25 ENE 30.15   81
7    33.5  35.6    14:36  27.5    22:19   26    0  0.00   1  10     9:00 ENE 30.22   74
8    28.2  41.1    13:17  21.3     6:34   30    0  0.00   0   3     9:46 ENE 30.29   83
9    31.3  42.8    13:42  17.2     6:30   25    0  0.00   0  10    16:25 ENE 30.10   80
10   24.7  42.8     2:26  17.5    16:58   31    0  0.09   2  18     6:16  NW 30.10   66
11   20.1  29.3    13:10  12.0     7:20   41    0  0.00   2  17     8:48 ENE 30.51   66
12   26.4  38.5    13:19  18.3     7:28   33    0  0.00   0  10    13:01  SW 30.46   66
13   26.5  30.7    11:14  18.0     3:22   34    0  0.03   0   6    15:04 ENE 30.39   89
14   29.3  40.8    12:47  27.0     7:53   17    0  0.00   1   7    12:06 ENE 30.30   99
15   30.1  40.8    12:47  26.5    22:02   30    0  0.00   0   8    13:01 ENE 30.22   93
16   35.7  35.6     0:00  35.6     0:00   24    0  0.00   1   0     0:00  NW 29.80   94
17   23.9  35.6     0:00  16.0    23:59   50    0  0.03   1  14    12:49 ENE 30.00   81
18   33.6  47.5    11:13  29.0    19:39   21    0  0.22   1  16    14:23  SW 29.25   91
19   32.9  47.5    11:13  29.0    19:39   26    0  0.22   1  16    14:23  SW 29.30   89
20   25.5  29.2     0:00  22.2    20:54   35    0  0.00   1  17     8:41  SW 29.83   73
21   30.1  32.7    13:16  24.6     6:50   74    0  0.14   0   5    19:29  SW 29.91  100
22   29.9  32.7    13:16  24.6     6:50   79    0  0.14   0  11    23:58  SW 29.93   97
23   22.9  28.4    13:05  18.5     7:14   18    0  0.00   1  13     3:37 ENE 30.05   69
---------------------------------------------------------------------------------------
TOT  33.4  61.9  11/3/17  12.0 11/11/17  694    0  1.48   1  25  11/5/17 ENE 30.10   83

HEAT BASE: 65.0
COOL BASE: 65.0

 



2011 Records

 

Parameter 

Max

Max Date

 Min

Min Date

Average

Wind Direction

 359

 1/1/17

 0

 1/1/17

 225

Wind Speed

 37 mph

 1/10/17

 0 mph

 1/1/17

 1 mph

Wind Gust

 37 mph

 1/10/17

 0 mph

 1/1/17

 2 mph

In Humidity

 74 %

 10/8/17

 14 %

 1/1/17

 37 %

Out Humidity

 100 %

 1/3/17

 12 %

 1/1/17

 81 %

In Temp

 81.2 F

 4/28/17

 56.4 F

 1/1/17

 71.8 F

Out Temp

 91.2 F

 6/12/17

 -9.2 F

 1/1/17

 45.9 F

Barometer

 30.72

 1/14/17 

 28.89

 10/30/17

 29.96

Total Precipitation

 33.57 "

 11/22/17

 0.00 "

 1/1/17

 14.70 "

Evapotranspiration

 0.19

 5/18/17

 0.00

 1/1/17

 0.03

UV Index

 0.0

 1/1/17

 0.0

 1/1/17

 0.0

Solar Radiation

 1350.0

 6/21/17

 0.0

 1/1/17

 125.1

Wind Chill

 91.2 F

 6/12/17

 -26.7 F

 3/11/17

 45.6 F

Out Heat Index

 94.1 F

 6/12/17

 -5.8 F

 3/11/17

 50.6 F

Dew Point

 73.4 F

 7/1/17

 -22.6 F

 3/11/17

 39.5 F

 

Almanac

 

Parameter 

High

High Year

 Low

Low Year

Normal Temps

 0 F

 

 0 F

 

Record Temps

 0 F

 0

 0 F

 0



USA Weather Finder









Copyright © 2003 -
NH Weather Data
ALL RIGHTS RESERVED
Unauthorized duplication or distribution is prohibited

Never base important decisions on this or any weather information obtained from the Internet