NOAA Reports
 [Select Refresh to Update]
Data updated every 15 minutes






                  YEARLY CLIMATOLOGICAL SUMMARY FOR 2017
                                        HEAT  COOL        
     MEAN                               DEG   DEG       WIND SPEED       DOM MEAN  MEAN
MON  TEMP  HIGH   DATE     LOW   DATE   DAYS  DAYS RAIN AVG  HI  DATE    DIR BAROM HUM
---------------------------------------------------------------------------------------
1    24.1  49.3  1/11/17  -9.2   1/9/17 1176    0  1.09   1  37  1/10/17  SW 29.96   81
2    43.0  57.5   3/1/17  34.2   3/1/17   17    0  0.21   1  20   3/1/17   W 29.51   94
3    23.2  57.5   3/1/17  -6.1  3/11/17 1174    0  2.22   1  27  3/14/17 ENE 30.07   72
4    45.1  80.0  4/16/17  21.6   4/3/17  533   21  2.40   1  31   4/4/17  SW 29.98   77
5    51.0  88.7  5/18/17  27.8   5/4/17  318   27  4.79   1  28   5/6/17 ENE 29.84   79
---------------------------------------------------------------------------------------
TOT  32.9  88.7  5/18/17  -9.2   1/1/17 4238   48 12.85   1  37  1/10/17 ENE 29.95   78

HEAT BASE: 65.0
COOL BASE: 65.0


 

 

                  MONTHLY CLIMATOLOGICAL SUMMARY FOR 5/2017
                                        HEAT  COOL        
     MEAN                               DEG   DEG       WIND SPEED       DOM MEAN  MEAN
DAY  TEMP  HIGH   TIME     LOW   TIME   DAYS  DAYS RAIN AVG  HI  TIME    DIR BAROM HUM
---------------------------------------------------------------------------------------
1    47.4  54.3    16:00  42.5     0:48   14    0  0.54   1  19    22:50 WSW 29.89   86
2    48.5  55.6    15:25  43.1    23:59   15    0  0.45   1  11    17:31  SW 29.54  100
3    44.0  51.3    11:27  32.4    23:59   19    0  0.02   2  17    16:17  SW 29.79   83
4    47.0  63.5    14:52  27.8     5:35   16    0  0.01   1  14    20:45 ENE 30.16   59
5    47.2  52.2    12:25  44.4    17:40   16    0  0.32   1  25    10:38  SW 29.90   72
6    55.8  65.8    17:16  45.3     0:00    7    0  0.05   4  28    14:54 SSW 29.45   86
7    52.5  60.1    15:45  39.8    23:57   10    0  0.48   3  21    10:48 WSW 29.48   81
8    38.7  44.1    16:42  30.8    23:40   23    0  0.05   1  11    15:19 ENE 29.74   85
9    38.6  47.6    16:51  30.5     5:46   24    0  0.01   1   8    12:57 ENE 29.96   85
10   43.5  50.6    12:25  32.9     5:52   18    0  0.00   1  19     9:20 ENE 30.00   77
11   46.8  59.6    17:10  35.9     5:22   15    0  0.00   2  16    14:41 ENE 30.01   76
12   53.2  67.1    17:09  36.0     2:44   10    1  0.00   1  11    12:45 ENE 29.99   69
13   51.5  63.0    14:34  38.3     4:36   21    1  0.00   1  17    13:26  SW 29.91   73
14   43.1  49.1     0:00  39.2     7:05   17    0  0.79   1  11    11:36 ENE 29.67   96
15   46.3  56.4    18:27  41.6    23:00   16    0  0.31   1  19     9:23 ENE 29.59   92
16   54.8  71.0    14:42  38.9     5:13    9    2  0.00   1  14    11:35 ENE 29.86   74
17   65.5  87.3    15:00  43.5     5:32    6    9  0.00   1  17    11:29  SW 29.82   66
18   70.7  88.7    14:46  51.8     5:20    3   10  0.50   2  20    13:10 WSW 29.72   70
19   58.6  71.5     8:47  42.5    23:53    5    1  0.00   1  16    15:40 ENE 29.84   85
20   50.3  63.5    14:17  38.2     5:49   12    0  0.00   1  14    14:25 ENE 30.27   62
21   52.3  69.1    16:25  31.2     5:23   11    1  0.00   0   8    10:40 ENE 30.28   62
22   49.1  54.6     0:00  46.3     7:15   24    1  0.43   1  13     8:58 WSW 30.05   93
23   56.8  68.6    17:38  47.8     0:00    6    1  0.00   1  10    10:11  SW 29.85   77
24   58.0  72.9    14:28  45.4     5:15    7    2  0.00   1  11    16:57  SW 29.77   77
25   53.7  65.3    12:30  46.5     5:26    9    0  0.05   1  14    11:10 WSW 29.78   90
26   52.0  57.9    15:41  48.2     8:22    7    0  0.77   1  10     8:09 ENE 29.54   95
---------------------------------------------------------------------------------------
TOT  51.0  88.7  5/18/17  27.8   5/4/17  339   29  4.79   1  28   5/6/17 ENE 29.84   79

HEAT BASE: 65.0
COOL BASE: 65.0

 



2011 Records

 

Parameter 

Max

Max Date

 Min

Min Date

Average

Wind Direction

 359

 1/1/17

 0

 1/1/17

 68

Wind Speed

 37 mph

 1/10/17

 0 mph

 1/1/17

 1 mph

Wind Gust

 37 mph

 1/10/17

 0 mph

 1/1/17

 2 mph

In Humidity

 48 %

 5/25/17

 14 %

 1/1/17

 26 %

Out Humidity

 100 %

 1/3/17

 12 %

 1/1/17

 78 %

In Temp

 81.2 F

 4/28/17

 63.3 F

 1/1/17

 71.9 F

Out Temp

 88.7 F

 5/18/17

 -9.2 F

 1/1/17

 32.9 F

Barometer

 30.72

 1/14/17 

 29.12

 4/7/17

 29.95

Total Precipitation

 12.85 "

 5/26/17

 0.00 "

 1/1/17

 4.80 "

Evapotranspiration

 0.19

 5/18/17

 0.00

 1/1/17

 0.02

UV Index

 0.0

 1/1/17

 0.0

 1/1/17

 0.0

Solar Radiation

 1244.0

 5/10/17

 0.0

 1/1/17

 106.2

Wind Chill

 88.7 F

 5/18/17

 -26.7 F

 3/11/17

 32.2 F

Out Heat Index

 87.3 F

 5/18/17

 -5.8 F

 3/11/17

 37.1 F

Dew Point

 68.8 F

 5/19/17

 -22.6 F

 3/11/17

 25.6 F

 

Almanac

 

Parameter 

High

High Year

 Low

Low Year

Normal Temps

 0 F

 

 0 F

 

Record Temps

 0 F

 0

 0 F

 0



USA Weather Finder









Copyright © 2003 -
NH Weather Data
ALL RIGHTS RESERVED
Unauthorized duplication or distribution is prohibited

Never base important decisions on this or any weather information obtained from the Internet