NOAA Reports
 [Select Refresh to Update]
Data updated every 15 minutes






                  YEARLY CLIMATOLOGICAL SUMMARY FOR 2019
                                        HEAT  COOL        
     MEAN                               DEG   DEG       WIND SPEED       DOM MEAN  MEAN
MON  TEMP  HIGH   DATE     LOW   DATE   DAYS  DAYS RAIN AVG  HI  DATE    DIR BAROM HUM
---------------------------------------------------------------------------------------
1
2
3
4
5
6
7
8    65.6  83.9  8/19/19  42.3  8/26/19   57   66  1.38   0  25  8/30/19  SW 29.99   84
9    56.8  80.1  9/22/19  32.9  9/19/19  243   38  3.10   1  18  9/14/19 ENE 30.05   85
10   47.3  71.5 10/31/19  27.2  10/5/19  505    2  3.09   1  47  10/9/19 ENE 30.04   87
11   28.6  71.7  11/1/19   1.3 11/17/19  649    1  1.56   1  50  11/1/19 WSW 30.10   78
---------------------------------------------------------------------------------------
TOT  49.5  83.9  8/19/19   1.3 11/17/19 1455  107 30.82   1  50  11/1/19 ENE 30.05   84

HEAT BASE: 65.0
COOL BASE: 65.0


 

 

                  MONTHLY CLIMATOLOGICAL SUMMARY FOR 11/2019
                                        HEAT  COOL        
     MEAN                               DEG   DEG       WIND SPEED       DOM MEAN  MEAN
DAY  TEMP  HIGH   TIME     LOW   TIME   DAYS  DAYS RAIN AVG  HI  TIME    DIR BAROM HUM
---------------------------------------------------------------------------------------
1    48.4  71.7     0:07  32.3    23:39   16    1  0.37   4  50     3:18 WSW 29.69   66
2    34.4  46.8    15:27  24.9     7:47   29    0  0.00   0  12    16:13  SW 30.12   75
3    34.5  47.0    11:14  27.0     6:33   29    0  0.00   1  14    14:34  SW 30.00   86
4    36.9  47.0    12:17  24.9     6:28   27    0  0.00   1  19    22:51 WSW 30.23   75
5    47.4  52.6    14:19  39.3    23:37   16    0  0.02   2  16     1:41 WSW 30.09   75
6    35.6  44.7    11:31  25.7    21:07   28    0  0.00   1  12    10:08  NW 30.20   72
7    33.5  43.0    12:46  27.5    23:57   30    0  0.08   0  14    12:45 WSW 30.06   85
8    24.8  27.6    12:23  22.7     4:50   39    0  0.13   1  17    14:52 ENE 30.06   84
9    25.8  34.5    13:27  14.6     6:53   38    0  0.00   1  28    14:42  SW 30.18   74
10   34.6  41.7    12:58  25.5     7:30   29    0  0.00   1  26    12:02 WSW 29.94   63
11   30.8  37.0     2:18  26.7    19:34   33    0  0.43   1  14     4:38 ENE 30.08   88
12   22.1  29.4     7:22  10.2    23:52   41    0  0.25   1  21    14:07 ENE 29.83   90
13    9.8  18.7    14:10   4.3     6:14   54    0  0.00   1  21     9:56  NE 30.24   79
14   16.4  26.9    17:25   5.2     3:09   47    0  0.00   1  28    14:14  NW 30.36   84
15   29.5  40.3    11:16  22.3    23:58   34    0  0.01   2  30    19:13 WSW 30.08   80
16   14.6  23.6    14:20   5.4    23:59   49    0  0.00   2  26     2:06 ENE 30.52   61
17   12.5  29.7    14:16   1.3     6:53   51    0  0.00   1  14    12:58  SW 30.42   74
18   21.7  36.1    15:13   5.9     5:13   42    0  0.00   1  14    14:57 ENE 29.95   83
19   32.5  34.5    14:57  31.2     7:05   19    0  0.27   0   7     6:43   E 29.70   98
---------------------------------------------------------------------------------------
TOT  28.6  71.7  11/1/19   1.3 11/17/19  649    1  1.56   1  50  11/1/19 WSW 30.10   78

HEAT BASE: 65.0
COOL BASE: 65.0

 



2010 Records

 

Parameter 

Max

Max Date

 Min

Min Date

Average

Wind Direction

 359

 9/4/19

 0

 8/22/19

 68

Wind Speed

 50 mph

 11/1/19

 0 mph

 8/16/19

 1 mph

Wind Gust

 50 mph

 11/1/19

 0 mph

 8/16/19

 2 mph

In Humidity

 72 %

 8/21/19

 22 %

 11/17/19

 43 %

Out Humidity

 100 %

 8/17/19

 26 %

 10/11/19

 84 %

In Temp

 80.6 F

 9/22/19

 63.3 F

 8/26/19

 72.1 F

Out Temp

 83.9 F

 8/19/19

 1.3 F

 11/17/19

 49.5 F

Barometer

 29.98

 11/16/19 

 28.17

 10/17/19

 29.44

Total Precipitation

 31.88 "

 11/19/19

 1.05 "

 8/16/19

 23.34 "

Evapotranspiration

 0.12

 9/5/19

 0.00

 8/16/19

 0.02

UV Index

 0.0

 8/16/19

 0.0

 8/16/19

 0.0

Solar Radiation

 1142.0

 8/31/19

 0.0

 8/16/19

 104.9

Wind Chill

 83.9 F

 8/19/19

 -9.9 F

 11/13/19

 49.3 F

Out Heat Index

 88.5 F

 8/19/19

 6.5 F

 11/17/19

 54.5 F

Dew Point

 72.8 F

 8/18/19

 -1.7 F

 11/17/19

 44.2 F

 

Almanac

 

Parameter 

High

High Year

 Low

Low Year

Normal Temps

 0 F

 

 0 F

 

Record Temps

 0 F

 0

 0 F

 0



USA Weather Finder









Copyright © 2003 -
NH Weather Data
ALL RIGHTS RESERVED
Unauthorized duplication or distribution is prohibited

Never base important decisions on this or any weather information obtained from the Internet