NOAA Reports
 [Select Refresh to Update]
Data updated every 15 minutes






                  YEARLY CLIMATOLOGICAL SUMMARY FOR 2018
                                        HEAT  COOL        
     MEAN                               DEG   DEG       WIND SPEED       DOM MEAN  MEAN
MON  TEMP  HIGH   DATE     LOW   DATE   DAYS  DAYS RAIN AVG  HI  DATE    DIR BAROM HUM
---------------------------------------------------------------------------------------
1    26.8  32.9   2/1/18  25.5   2/1/18   17    0  0.01   1  16   2/1/18 ENE 29.85   76
2    24.7  60.6  2/21/18 -13.5   2/9/18  861    0  1.62   1  30   2/4/18  SW 30.16   80
3    28.7  51.8  3/28/18 -10.6  3/18/18 1772    0  1.27   1  24  3/31/18 ENE 29.89   73
4    45.4  61.4   5/1/18  39.1   5/1/18   13    0  0.01   0  11   5/1/18  SW 29.96   93
5    57.4  85.4   5/2/18  28.1  5/12/18  217   64  2.42   1  25  5/10/18 WSW 29.94   69
6    61.2  87.0  6/30/18  36.5  6/10/18  140   94  2.96   1  22   6/4/18  SW 29.88   77
7    71.1  92.7   7/4/18  44.5  7/19/18   51  224  1.92   0  25  7/25/18  SW 30.02   78
8    71.1  89.9   8/6/18  51.1  8/11/18   18  130  1.68   0  17   8/2/18 ENE 29.95   87
---------------------------------------------------------------------------------------
TOT  45.4  92.7   7/4/18 -29.3   1/1/18 4111  513 18.73   1  32   1/5/18 ENE 29.98   77

HEAT BASE: 65.0
COOL BASE: 65.0


 

 

                  MONTHLY CLIMATOLOGICAL SUMMARY FOR 8/2018
                                        HEAT  COOL        
     MEAN                               DEG   DEG       WIND SPEED       DOM MEAN  MEAN
DAY  TEMP  HIGH   TIME     LOW   TIME   DAYS  DAYS RAIN AVG  HI  TIME    DIR BAROM HUM
---------------------------------------------------------------------------------------
1    70.7  81.6    10:13  62.4     5:50    0    6  0.00   0  14    12:09  SW 30.02   88
2    76.7  86.7    13:43  68.1     4:50    0   11  0.00   1  17    13:00  SW 29.97   79
3    72.0  78.8    14:37  66.4     5:04    0    6  0.08   0   5     9:18 WSW 30.08   95
4    68.4  79.6    11:55  66.4     2:19    0    2  0.14   0   6    10:03 ENE 30.08   98
5    74.2  87.2    14:33  66.4     2:19    0    9  0.22   0   8    14:15 ENE 30.06   88
6    76.8  89.9    12:43  66.8     6:18    0   10  0.09   0  12    16:18  SW 29.97   86
7    76.0  87.4    12:00  69.4     4:45    0   10  0.06   0  14    15:33  SW 29.86   91
8    75.8  85.9    14:12  68.8     5:39    0    9  0.05   0   7    11:57  SW 29.82   88
9    73.9  83.6    14:29  63.9    23:53    0    7  0.05   0   7     7:47  SW 29.69   86
10   67.9  78.8    14:16  55.7    23:51    1    4  0.03   1  12     9:11 ENE 29.85   77
11   64.1  76.3    12:44  51.1     5:53    4    3  0.02   0   7    11:58  SW 30.00   85
12   67.9  76.0    13:39  61.8     5:40    1    3  0.03   0   7    14:42 ENE 30.08   95
13   72.5  79.8    14:11  66.0     3:22    0    6  0.02   0   6     8:28 ENE 30.02   90
14   73.4  83.8    14:17  66.6    23:55    0    7  0.02   0  10    12:48  SW 29.84   91
15   73.4  84.5    14:45  64.5     3:12    0   14  0.02   0   6    11:11  SW 29.80   87
16   71.2  80.5    13:21  57.0    23:56    1    6  0.02   0  11    16:51 ENE 29.97   80
17   66.1  78.8    13:01  53.8     3:42    3    4  0.01   0   7    13:57 ENE 29.98   92
18   69.2  73.7     5:45  62.0    23:57    0    4  0.02   1   8    13:10 ENE 29.80   95
19   67.4  80.7    13:41  58.1     6:40    2    5  0.01   0  10    13:59 ENE 30.01   85
20   66.8  79.4    14:36  56.0     6:11    3    4  0.01   0   8    11:49  SW 30.13   81
21   65.4  76.8    11:54  55.9     6:22    2    3  0.01   1  12    15:55  SW 30.07   84
---------------------------------------------------------------------------------------
TOT  71.1  89.9   8/6/18  51.1  8/11/18   18  132  1.68   0  17   8/2/18 ENE 29.95   87

HEAT BASE: 65.0
COOL BASE: 65.0

 



2011 Records

 

Parameter 

Max

Max Date

 Min

Min Date

Average

Wind Direction

 359

 1/1/18

 0

 1/1/18

 68

Wind Speed

 32 mph

 1/5/18

 0 mph

 1/1/18

 1 mph

Wind Gust

 32 mph

 1/5/18

 0 mph

 1/1/18

 2 mph

In Humidity

 64 %

 7/22/18

 12 %

 1/1/18

 30 %

Out Humidity

 100 %

 1/9/18

 13 %

 1/1/18

 77 %

In Temp

 84.3 F

 6/13/18

 61.1 F

 1/1/18

 72.0 F

Out Temp

 92.7 F

 7/4/18

 -29.3 F

 1/1/18

 45.4 F

Barometer

 30.85

 2/13/18 

 0.00

 3/30/18

 29.98

Total Precipitation

 18.73 "

 8/21/18

 0.00 "

 1/1/18

 9.26 "

Evapotranspiration

 0.19

 5/9/18

 0.00

 1/1/18

 0.03

UV Index

 0.0

 1/1/18

 0.0

 1/1/18

 0.0

Solar Radiation

 1362.0

 6/14/18

 0.0

 1/1/18

 142.7

Wind Chill

 92.7 F

 7/5/18

 -35.0 F

 1/7/18

 45.0 F

Out Heat Index

 103.0 F

 7/1/18

 -26.5 F

 1/2/18

 49.6 F

Dew Point

 79.0 F

 7/1/18

 -36.0 F

 1/2/18

 37.2 F

 

Almanac

 

Parameter 

High

High Year

 Low

Low Year

Normal Temps

 0 F

 

 0 F

 

Record Temps

 0 F

 0

 0 F

 0



USA Weather Finder









Copyright © 2003 -
NH Weather Data
ALL RIGHTS RESERVED
Unauthorized duplication or distribution is prohibited

Never base important decisions on this or any weather information obtained from the Internet