NOAA Reports
 [Select Refresh to Update]
Data updated every 15 minutes






                  YEARLY CLIMATOLOGICAL SUMMARY FOR 2020
                                        HEAT  COOL        
     MEAN                               DEG   DEG       WIND SPEED       DOM MEAN  MEAN
MON  TEMP  HIGH   DATE     LOW   DATE   DAYS  DAYS RAIN AVG  HI  DATE    DIR BAROM HUM
---------------------------------------------------------------------------------------
1    21.8  51.8  1/12/20 -14.5  1/21/20 1290    0  1.65   1  28  1/29/20 ENE 30.05   86
2    18.9  53.3  2/24/20 -18.7  2/15/20 1289    0  1.46   1  44  2/18/20  SW 29.96   75
3    27.6  63.8   3/9/20  -1.5   3/1/20 1104    0  4.22   1  49  3/29/20  SW 30.03   58
---------------------------------------------------------------------------------------
TOT  22.8  63.8   3/9/20 -18.7  2/15/20 3683    0  7.32   1  49  3/29/20 ENE 30.02   73

HEAT BASE: 65.0
COOL BASE: 65.0


 

 

                  MONTHLY CLIMATOLOGICAL SUMMARY FOR 3/2020
                                        HEAT  COOL        
     MEAN                               DEG   DEG       WIND SPEED       DOM MEAN  MEAN
DAY  TEMP  HIGH   TIME     LOW   TIME   DAYS  DAYS RAIN AVG  HI  TIME    DIR BAROM HUM
---------------------------------------------------------------------------------------
1    -1.5  -1.5     0:00  -1.5     0:00   65    0  0.00   0   0     0:00   N 30.01    0
2    -1.5  -1.5     0:00  -1.5     0:00   65    0  0.00   0   0     0:00   N 29.84    0
3    -1.5  -1.5     0:00  -1.5     0:00   65    0  0.00   0   0     0:00   N 29.53    0
4    -1.5  43.1     3:22  -1.5     0:00   31    0  1.50   0   0     0:00   N 29.22    0
5    -1.5  -1.5     0:00  -1.5     0:00   65    0  0.00   0   0     0:00   N 29.22    0
6    14.9  43.1     3:22  -1.5     0:00   42    0  1.50   0   0     0:00   N 29.55   34
7    26.2  33.8    14:31  16.6    23:56   37    0  0.00   2  46    12:38 ENE 30.19   50
8    29.2  46.4    15:40  14.2     7:37   33    0  0.00   1  20     8:50  SW 30.26   62
9    40.6  63.8    15:10  24.2     7:37   23    0  0.00   2  28    13:09  SW 30.12   65
10   41.5  55.7    13:40  33.4     7:39   22    0  0.21   0  14    13:22 WSW 29.90   83
11   31.7  41.8     0:00  24.6    23:59   32    0  0.00   2  32    12:11 ENE 30.09   69
12   30.8  41.6    15:54  21.8     3:28   33    0  0.00   1  26    16:35 WSW 30.16   76
13   39.7  46.7    17:01  35.5    23:40   23    0  0.40   4  31     9:36  SW 29.82   78
14   37.3  44.6    14:21  30.1     2:27   26    0  0.00   2  21    14:51  NW 30.09   53
15   26.8  34.0    13:50  16.3    23:54   37    0  0.00   2  16    10:57 ENE 30.47   54
16   24.7  38.7    14:46   9.9     6:46   39    0  0.00   2  17    21:47  SW 30.54   52
17   32.1  38.6    16:56  27.5     1:04   31    0  0.01   2  19    12:44 WSW 30.11   81
18   35.9  45.3    15:56  24.8     6:33   28    0  0.00   1  19    14:06 ENE 30.34   61
19   37.3  44.3    17:01  29.2     3:46   26    0  0.02   1  18    10:28  SW 30.30   80
20   44.6  61.4    19:02  33.5     1:09   19    0  0.08   3  40    18:35  SW 29.77   88
21   30.7  43.7     0:00  21.2    23:59   33    0  0.00   2  21    14:42 ENE 30.27   48
22   23.8  34.3    17:20  13.9     6:56   40    0  0.00   1  28    13:26 ENE 30.66   45
23   26.8  33.7    15:47  15.7     3:22   37    0  0.75   3  44     9:51 WSW 30.44   76
24   31.5  36.4    13:01  25.2    23:57   32    0  0.44   1  22    11:57 ENE 30.10   95
25   31.0  43.9    15:01  19.1     5:57   33    0  0.20   1  26    16:13 ENE 30.14   81
26   35.8  52.1    14:48  21.4     6:53   28    0  0.01   1  17    11:52  SW 29.90   77
27   39.1  48.9    15:07  26.6    23:59   24    0  0.00   3  27    16:47 ENE 29.82   70
28   36.1  51.0    16:18  20.4     7:03   27    0  0.00   1  18    13:29  SW 30.11   62
29   37.2  41.3    10:16  34.5    23:58   26    0  0.47   4  49    19:19   W 30.04   85
30   37.4  45.9    11:54  32.0     6:56   26    0  0.12   2  44    20:14  SW 29.96   91
31   37.7  49.6    15:22  27.2    23:46   26    0  0.01   1  26     9:35 ENE 30.00   70
---------------------------------------------------------------------------------------
TOT  27.6  63.8   3/9/20  -1.5   3/1/20 1072    0  4.22   1  49  3/29/20  SW 30.03   58

HEAT BASE: 65.0
COOL BASE: 65.0

 



2010 Records

 

Parameter 

Max

Max Date

 Min

Min Date

Average

Wind Direction

 359

 1/5/20

 0

 1/4/20

 68

Wind Speed

 49 mph

 3/29/20

 0 mph

 1/1/20

 1 mph

Wind Gust

 49 mph

 3/29/20

 0 mph

 1/1/20

 2 mph

In Humidity

 32 %

 2/26/20

 18 %

 2/22/20

 24 %

Out Humidity

 100 %

 1/1/20

 16 %

 3/16/20

 73 %

In Temp

 78.0 F

 2/26/20

 64.9 F

 2/15/20

 72.1 F

Out Temp

 63.8 F

 3/9/20

 -18.7 F

 2/15/20

 22.8 F

Barometer

 30.12

 1/17/20 

 28.14

 2/7/20

 29.41

Total Precipitation

 7.33 "

 3/31/20

 0.01 "

 1/1/20

 2.95 "

Evapotranspiration

 0.10

 3/9/20

 0.00

 1/1/20

 0.01

UV Index

 8.5

 3/7/20

 0.0

 1/1/20

 0.1

Solar Radiation

 1024.0

 3/25/20

 0.0

 1/1/20

 73.8

Wind Chill

 63.8 F

 3/9/20

 -29.1 F

 2/15/20

 22.0 F

Out Heat Index

 63.2 F

 3/20/20

 -15.1 F

 2/15/20

 26.7 F

Dew Point

 53.0 F

 3/20/20

 -24.2 F

 2/15/20

 17.4 F

 

Almanac

 

Parameter 

High

High Year

 Low

Low Year

Normal Temps

 0 F

 

 0 F

 

Record Temps

 0 F

 0

 0 F

 0



USA Weather Finder









Copyright © 2003 -
NH Weather Data
ALL RIGHTS RESERVED
Unauthorized duplication or distribution is prohibited

Never base important decisions on this or any weather information obtained from the Internet