NOAA-Style Climate Reports: Lisbon, NH


Report for 2022 January
                  MONTHLY CLIMATOLOGICAL SUMMARY FOR 1/2022
                                        HEAT  COOL        
     MEAN                               DEG   DEG       WIND SPEED       DOM MEAN  MEAN
DAY  TEMP  HIGH   TIME     LOW   TIME   DAYS  DAYS RAIN AVG  HI  TIME    DIR BAROM HUM
---------------------------------------------------------------------------------------
1    36.2  38.3    14:19  34.4     1:17   29    0  0.00   0   3     8:06  NE 29.77  100
2    30.7  36.8     5:52  16.4    23:36   34    0  0.15   2  14    17:26  NE 29.71   95
3    12.2  16.9     0:23   4.3    23:58   53    0  0.00   1  11     2:02  NE 30.21   78
4    10.0  23.5    14:28  -2.2     6:44   55    0  0.00   1  12    10:16 ENE 30.29   80
5    24.6  39.9    12:31  13.3     4:50   40    0  0.00   1  13    12:09  NE 29.84   93
6    29.9  33.1    12:41  25.8    18:29   35    0  0.00   0  10    10:53  SW 29.73   84
7    24.4  27.8    13:00  13.3    23:59   41    0  0.03   1  10    22:52 ENE 29.81   87
8     8.2  17.8    14:05  -2.5     7:53   57    0  0.00   1  13     1:39 ENE 30.45   74
9    22.0  34.7    21:52   2.9     0:02   41    0  0.08   2  14     9:11 WNW 29.97   89
10   17.2  32.2     0:00   5.2    23:55   48    0  0.01   2  13     2:59 ENE 29.98   68
11   -4.2   5.2     0:00 -11.3    23:41   66    0  0.00   1  13     2:44 ENE 30.43   57
12    9.9  20.9    21:14 -11.1     0:00   53    0  0.00   1  12     6:29  SW 30.10   70
13   25.3  31.2    15:09  20.2     0:00   38    0  0.00   0   6    20:02 ENE 29.96   85
14   19.4  29.6     7:40  -4.2    23:54   44    0  0.00   2  18    11:53  NE 29.96   78
15   -7.8   0.6    14:09 -15.0    23:56   71    0  0.00   3  21     2:50  NE 30.32   58
16   -4.2  13.1    14:53 -18.1     4:06   67    0  0.00   1   8    14:29  NE 30.37   66
17   26.1  38.8    11:17   6.3     0:00   37    0  0.14   2  29    11:21  NE 29.30   87
18   12.3  25.9     0:00  -4.4    23:48   51    0  0.01   2  20     8:36  NE 29.72   68
19    8.0  18.8    18:40  -7.4     3:46   55    0  0.00   1   8    12:59 ENE 29.96   77
20   14.4  29.3     4:52  -1.7    23:52   49    0  0.00   2  13    14:59  NE 30.16   66
21   -2.1   9.6    14:27 -12.0     7:27   65    0  0.00   1  12    12:29 ENE 30.60   69
22   -1.0  15.5    14:55 -16.0     7:24   64    0  0.00   1  12    15:09 ENE 30.36   71
23   14.7  25.3    14:25   3.2     6:31   48    0  0.00   1  12    11:10  NE 29.80   74
24   10.2  19.1    13:21  -4.0     7:51   53    0  0.00   1   7    11:46 ENE 29.88   70
25   16.0  27.8    11:34  12.4     0:00   24    0  0.01   1   8    11:37 ENE 29.82   89
---------------------------------------------------------------------------------------
TOT  14.1  39.9   1/5/22 -18.1  1/16/22 1215    0  0.43   1  29  1/17/22 ENE 30.02   77

HEAT BASE: 65.0
COOL BASE: 65.0